- 3 + 3*u**3 - u**2. Determine c(i).
-5
Suppose 3*q + f + 33 = 4*f, 2*q - 4*f + 30 = 0. Let c(n) = -n**2 - 8*n + 8. What is c(q)?
15
Suppose 3*n - 4 = -1. Let o(r) be the third derivative of r**7/360 - r**4/12 + r**2. Let l(k) be the second derivative of o(k). What is l(n)?
7
Let r(a) be the second derivative of 1/12*a**4 - 15*a + 0 - 1/6*a**3 - 5/2*a**2. Let b = 8 + -4. Give r(b).
7
Let t(y) = y**3 - y**2 + y - 6. Suppose -68*k + 65*k = 0. Calculate t(k).
-6
Suppose -15 = -0*k + 3*k. Let p be (18/15)/(1/k). Let b(w) = w**3 + 7*w**2 + 8*w + 6. Calculate b(p).
-6
Let o(m) = -m**3 + 7*m**2 + 9*m - 4. Let a be o(8). Suppose 13 = -a*y + 29. Let s(v) = -v + 6. Determine s(y).
2
Let t(z) = z**2 - 6*z + 4. Let c(p) be the first derivative of p**4/4 - p**3 - p**2/2 + 4*p - 1. Let x be c(3). Let r be -1 - 3*-2*x. Give t(r).
-1
Suppose -d - 5 = -v, -4 = v - 2*v. Let s(x) be the first derivative of -7*x**3/3 - x**2/2 - x + 54. Determine s(d).
-7
Let l(p) be the first derivative of -p**2/2 + 3*p + 10. Calculate l(4).
-1
Let v(a) = -a**2 + 6*a + 5. Let b(k) = -k + 1. Let c be b(-6). Give v(c).
-2
Let x(v) = -2*v + 7*v - 8*v - v**3 - 5*v**2. Let d be (-1)/(2/4)*2. Calculate x(d).
-4
Let w be (8/14)/(4/14 + 0). Let y(x) be the second derivative of -x**5/20 + x**4/12 - x**3/6 - x**2 - 2*x. Calculate y(w).
-8
Suppose -9*n + 18 + 18 = 0. Let u(k) be the third derivative of k**4/24 + k**3/2 - k**2. Determine u(n).
7
Suppose -5*g + 24 = -2*g. Let x be 2 - -2*(-2)/4. Let t(p) = -1 + x - g*p**2 - p. Give t(-1).
-7
Let s(k) = -k + 3. Let f = 28 + -22. Give s(f).
-3
Let j(y) = 2*y + 1. Let f be j(1). Let z(b) = -b**3 + 4*b**2 + 3. Determine z(f).
12
Let h(c) = -c**3 + 8*c**2 - 6*c - 1. Let x be h(7). Let y(a) = 3*a**2 + 3*a**2 - 7*a**2 + 6*a - 7. What is y(x)?
-7
Let i = 6 + -2. Let r(b) = 2*b**2 + 8*b - 1. Let m(s) = 3*s**2 + 8*s. Let z(f) = i*r(f) - 3*m(f). Give z(3).
11
Let u be (-5)/(0 - (-2 - -3)). Let n be ((-2)/u)/((-3)/45). Let z be 6/18*n/(-2). Let p(x) = 6*x**3 + 2*x**2 + 2*x + 1. Calculate p(z).
-5
Let y(j) be the second derivative of -j**4/12 - j**3/6 + j**2/2 - j. Suppose n + 5 = 4*r, 0*r + 2*n = -r - 10. Calculate y(r).
1
Suppose 4*i + 10 = 26, 0 = 4*w - i - 4. Let y be w/((-2)/1*-1). Let q(n) be the third derivative of 5*n**4/24 + n**2. Give q(y).
5
Suppose 4*j - 9 = -2*m + 21, 2*j + 4*m - 24 = 0. Suppose -2*v + j = 0, 6*z + 2*v - 18 = 3*z. Let a(f) = -z - 1 + 4 + f. Give a(1).
0
Let o(r) = -r**2 + 7*r - 5. Suppose -2 + 5 = g, l - 15 = -5*g. Suppose -k - 22 = -5*s, l = -8*s + 3*s - k + 28. Give o(s).
5
Let f(k) be the first derivative of k**3/3 + 7*k**2/2 - k - 2. Let q(i) be the first derivative of f(i). Suppose -2*j - 15 = j. Give q(j).
-3
Let m(b) = -6*b**3 + b**2 + 0*b**3 + 3*b**2 + 5*b**3. Suppose -3*p + 7 = -2. Determine m(p).
9
Let f = 8 - 1. Suppose -f = -x - 3. Let j(h) = -4*h + 6. Calculate j(x).
-10
Suppose 2*z - 25 = -5*s, -7*s = -2*s + 5*z - 40. Let g(x) be the second derivative of 0 - 2*x + 9/2*x**2 + 1/6*x**s + 1/12*x**4. Calculate g(0).
9
Suppose 6*z - 3*z - 39 = 0. Suppose -2 = 5*o + z. Let v(w) = -w**2 - 4*w. Determine v(o).
3
Let r(b) be the third derivative of -b**4/12 + 4*b**3/3 - 5*b**2. Determine r(8).
-8
Let a(x) be the third derivative of -x**7/2520 - x**6/120 - x**5/40 - x**4/8 - 5*x**2. Let t(n) be the second derivative of a(n). Determine t(-6).
-3
Let s(t) = -t**2 - 7*t - 2. Let y = -1 + 5. Suppose -2*g + y = -2*l, g = -0*g + 5*l + 2. Let k be (1/g)/(5/(-50)). What is s(k)?
8
Let l(r) = 9*r + 6 + 0 - 10*r. Let x = -10 + 14. Let n = 8 - x. Calculate l(n).
2
Let t(v) = -2*v - 1. Let d(c) = -c. Let q(a) = d(a) - t(a). Suppose 0 = -4*m - 0*m. Let k = m + 5. What is q(k)?
6
Let c(f) be the first derivative of f**3/3 - 3*f**2/2 - 2*f - 15. Determine c(3).
-2
Let x be (-1 + 1 + -2)/(-1). Suppose -1 - 1 = n - 5*s, x*n - 3*s - 3 = 0. Let f(d) = 0*d + n - d - 1. Determine f(3).
-1
Let x(y) = -4*y + 1. Suppose 24*o - 230 = o. Suppose 4*l + 8 = -0*l + 4*q, 2*l - 3*q + 9 = 0. Suppose 0 = -8*j + l*j + o. Give x(j).
-7
Let c(z) = -4*z + 7. Let s(f) = 5*f - 8. Let v be (-57)/9 + (-4)/6. Let g(b) = v*c(b) - 6*s(b). Determine g(-1).
1
Let u(l) = 5*l + 3. Let q be (-4)/22 + (-93)/33. What is u(q)?
-12
Let d(g) be the first derivative of g**4/4 - 2*g**3/3 + 3*g**2/2 - 1. Suppose -9 = -0*r - 3*r. Suppose -c - 4 = -r*c. What is d(c)?
6
Let b(f) = -f**2 - 8*f - 1. Let i = -23 + 16. Calculate b(i).
6
Let z(b) be the third derivative of -b**5/60 - 7*b**3/6 - b**2. Let s be 2/5 + (-28)/20. Let n = 1 + s. Calculate z(n).
-7
Suppose -9 = -4*y - 1. Suppose g - 12 = -y*g. Let a(x) = x**3 - 2*x**2 - 5*x - 3. Calculate a(g).
9
Suppose -6*d + d + 20 = 0. Let j be (d/(-3))/(8/(-12)). Let s(l) = -2*l**2 - 3 - 3*l + 2*l + 3*l + 3*l**2. Determine s(j).
5
Let r = 9 - 7. Let n(l) = 5*l - 3 + l + 1. Calculate n(r).
10
Let a(y) = -y**2 + 5*y + 1. Suppose -o + 2 = 4*m - 25, -4*m + 2*o + 30 = 0. Determine a(m).
-13
Suppose 3*u = -0 + 9. Let c(h) = h**2 - 1. Give c(u).
8
Let k be (0/4 - 0)/(9/(-3)). Let n(c) be the second derivative of -1/2*c**2 - 1/6*c**3 - 4*c + k. Determine n(3).
-4
Let u = 0 - -2. Let y(t) = 2*t**3 - 4*t**2 + 10*t + 3. Let j(m) = -m - 1. Let h(o) = -6*j(o) - y(o). Calculate h(u).
-5
Let o(y) = y**3 - 4*y**2 + 3*y - 1. Let l = -20 - -22. Calculate o(l).
-3
Let w(t) = t + 1. Suppose 0*i + 1 = -i. Let f(m) be the second derivative of m**3 + m**2/2 + 2*m. Let r be f(i). Calculate w(r).
-4
Let f be 394/6 + (-2)/3. Suppose -2*u = -7*u - f. Let p = -18 - u. Let b(n) = -n**3 - 6*n**2 - 7*n - 2. What is b(p)?
8
Let g(j) = 8*j - 1. Let v be g(1). Suppose -2*o - n + 3 = 0, 3*n + 14 = 4*o - v. Let c(b) = -b + 5*b + o*b. Give c(-1).
-7
Let b(h) = 2*h - 4. Let a be b(4). Let p(t) be the first derivative of t**3/3 - 3*t**2/2 - 2*t - 49. What is p(a)?
2
Let q(l) = 8*l. Let a be 10 + -1 + 3 + -2. Let v = a - 9. Give q(v).
8
Let t be ((-20)/(-6))/((-6)/(-9)). Let k(c) = -5*c**2 - 7*c + 9. Let u(x) = -4*x**2 - 7*x + 8. Let i = 9 - 15. Let v(l) = i*u(l) + 5*k(l). Determine v(t).
7
Let w(y) be the second derivative of -y**5/20 + y**4/2 - 5*y**3/6 - 3*y**2/2 - y. Calculate w(5).
-3
Let v = 13 - 18. Let s be (v/(-4))/(1/(-4)). Let o(x) = -1. Let t(n) = -n + 1. Let r(c) = -2*o(c) + t(c). Give r(s).
8
Suppose 3 = 4*f - 13. Let g(t) be the second derivative of -t**5/20 + t**4/3 - 2*t**2 - 29*t. Determine g(f).
-4
Let v(h) = -5. Let k(p) = -p + 14. Let y(a) = 3*k(a) + 8*v(a). Calculate y(6).
-16
Let b(r) be the second derivative of r**3/6 + 2*r**2 - 5*r. Let t be b(0). Let p(s) be the second derivative of -s**4/12 + s**3/3 + 2*s**2 + 2*s. What is p(t)?
-4
Let t(x) = -x**3 + 7*x**2 + x - 9. Suppose 0 = -6*u + 4*u - q + 17, -3*q + 2 = -u. Give t(u).
-2
Let t(j) = j + 7. Let g(u) = u**3 + 10*u**2 - 2*u - 25. Let a be g(-10). Calculate t(a).
2
Let q = 3 + -1. Suppose q*u = 7 + 5. Let s(m) = -3 + u + 3 + m. Calculate s(-6).
0
Let d be 2/(-6) + 15/(-9). Let x = d - -4. Let s(r) = 0*r - 6*r**2 + r + r**3 + 3*r**2. Give s(x).
-2
Let x(a) = 0 + 5 - 1 - 3*a. Let g(s) = -3*s + 0*s - 4*s + 4*s. Let m be g(-1). Calculate x(m).
-5
Let r = 10 - 12. Let w(c) = 5*c + 1. What is w(r)?
-9
Let g(j) = -j**3 + 3*j + 1. Let d(q) = 4*q - 26. Let p be d(6). Calculate g(p).
3
Let a(m) = -m**2 - 5*m + 5. Let v = -55 + 49. Give a(v).
-1
Let r(n) be the third derivative of n**4/6 - n**2. Let q be r(1). Let b(k) = 5*k + k**2 - 5 - q*k + 6*k - 2*k**2. Determine b(5).
5
Let v(a) = a**2 - 3 - 2 + 1 + 2 - 6*a. Calculate v(4).
-10
Let t(w) = -w**3 + 3*w**2 + 4*w + 2. Let l(i) = -i**2 - 1. Let k(z) = 5*l(z) + t(z). Calculate k(2).
-11
Let m(d) = 3*d**2 + 2 + 3*d**2 - 5*d**2 + 4*d. Determine m(-5).
7
Let z(d) = -d + 2. Let a be z(4). Let v be (-1 + a/(-2))*1. Let p(f) be the second derivative of -f**4/12 - f**3/6 + f**2 - 26*f. Give p(v).
2
Suppose -20 = -7*w + 3*w. Suppose -3 = -w*f + 2. Let l(c) = -7*c. Calculate l(f).
-7
Let z(k) = -5*k - 10. Let v(m) = 4*m + 9. Let j(d) = 4*v(d) + 3*z(d). Give j(0).
6
Let u(w) = -12*w + 7. Let g(t) = 6*t - 3. Let x(q) = -9*g(q) - 4*u(q). Suppose -3*d + d = -6. Let r = d - 2. Determine x(r).
-7
Let o(u) be the third derivative of u**6/120 - u**5/20 - u**4/8 - u**3/3 + 11*u**2. Determine o(3).
-11
Let r = 4 + 8. Let x(o) = o**3 - 13*o**2 + 13*o - 18. What is x(r)?
-6
Su